*n**2 - 71*n + 637. Give w(-28).
1057
Let k(a) = 53*a**3 + 92*a**2 + 25*a. Determine k(-2).
-106
Let v(y) = 161*y**3 - 172*y**2 - 15*y + 13. Give v(1).
-13
Let d(k) = 197*k**2 + 2797*k + 545. Determine d(-14).
-1
Let z(c) = c**2 - 532*c + 41510. Determine z(95).
-5
Let n(d) = -3*d**2 - 19205*d + 153584. What is n(8)?
-248
Let d(f) = 1658*f - 14197. Determine d(10).
2383
Let a(n) = -320*n + 11825. Give a(37).
-15
Let g(w) = 4921*w**2 + 39491*w + 986. Determine g(-8).
2
Let b(i) = 2*i**3 - 317*i**2 - 1118*i - 2700. Determine b(162).
-108
Let r(v) = -v**2 + 1000*v - 196. What is r(0)?
-196
Let m(k) = -k**3 - 21*k**2 + 119*k - 1484. Determine m(-27).
-323
Let y(b) = -b**3 + 10*b**2 - 77778*b + 544204. Calculate y(7).
-95
Let s(v) = 2422*v + 10205. Determine s(-4).
517
Let s(k) = -455*k - 29184. What is s(-64)?
-64
Let z(g) = 6*g**3 - 58*g**2 - 2582*g + 25604. Give z(10).
-16
Let s(a) = a**3 - 10*a**2 - 2104*a + 12767. What is s(6)?
-1
Let q(j) = j**3 + 27*j**2 + 66*j - 92. What is q(-20)?
1388
Let x(i) = 3*i**3 - 76*i**2 + 142*i + 372. Give x(23).
-65
Let y(l) = -3*l**2 - 48*l + 565. Determine y(10).
-215
Let i(p) = -18*p**2 + 289*p + 2105. Determine i(-8).
-1359
Let l(f) = -3*f**3 - 222*f**2 - 214*f + 219. Determine l(-73).
-146
Let z(v) = -1553*v - 107083. Determine z(-69).
74
Let s(p) = -p**3 + 23*p**2 + 883*p - 20931. Give s(26).
-1
Let i(u) = -546*u - 16814. Calculate i(-31).
112
Let m(g) = 4*g**2 - 6130*g + 30645. Determine m(5).
95
Let g(r) = -2*r**2 - 51*r + 7788. Give g(51).
-15
Let r(u) = -49*u + 588. Determine r(5).
343
Let c(m) = -9696*m - 106699. What is c(-11)?
-43
Let b(z) = -20806*z + 2080624. Give b(100).
24
Let b(p) = -34130*p + 68215. What is b(2)?
-45
Let i(y) = 12*y**2 - 1374*y + 6036. Determine i(110).
96
Let k(y) = 5*y**2 + 12*y + 129. Calculate k(-4).
161
Let w(y) = 10*y**3 - 21*y**2 + 48*y - 38. What is w(4)?
458
Let v(l) = 7*l**3 + 88*l**2 - 274*l + 6. Determine v(3).
165
Let y(o) = 102*o**2 + 29268*o - 1724. Give y(-287).
-2
Let d(v) = 5*v**2 + 1926*v - 11696. Give d(6).
40
Let t(a) = 2*a**2 + 800*a + 11672. Determine t(-15).
122
Let d(z) = -163*z**2 + 214*z - 647. Give d(3).
-1472
Let c(p) = 11523*p - 80654. Determine c(7).
7
Let y(a) = 1094*a - 4194. Determine y(4).
182
Let a(v) = 2*v**2 + 557*v - 448735. What is a(-633)?
62
Let c(l) = 66*l**2 + 866*l - 86. Determine c(-13).
-190
Let y(d) = 358500*d + 50907006. Give y(-142).
6
Let w(h) = -34*h**2 - 53*h + 446. What is w(-6)?
-460
Let l(z) = -z**3 - 180*z**2 + 825*z + 50479. Determine l(-183).
-29
Let m(q) = -q**2 + 24007*q + 144050. Give m(-6).
-28
Let b(f) = 3129*f - 31314. Calculate b(10).
-24
Let t(r) = r**3 - 18*r**2 + 52*r - 1. Determine t(14).
-57
Let c(s) = -s**2 + 353*s - 19564. Give c(69).
32
Let c(f) = -5*f**3 + 15*f**2 - 36*f + 42. Determine c(3).
-66
Let r(w) = -6099*w - 47645. Calculate r(-8).
1147
Let b(k) = 3*k**2 + 83*k - 539. Determine b(14).
1211
Let q(a) = 2*a**3 - 73*a**2 + 342*a - 18. What is q(31)?
13
Let v(n) = -13539*n - 568639. Determine v(-42).
-1
Let p(h) = -h**2 - 812*h - 49908. Calculate p(-67).
7
Let p(z) = -430330*z - 860651. Give p(-2).
9
Let b(i) = -295*i**2 - 22184*i - 4430. What is b(-75)?
-5
Let q(x) = 3*x**2 + 174899*x - 1399261. What is q(8)?
123
Let l(m) = -2*m**2 - 1302*m - 1808. What is l(0)?
-1808
Let j(o) = -2*o**3 - 2497*o**2 - 603259*o - 3676. What is j(-921)?
8
Let m(f) = -9*f**3 + 3851*f**2 + 482*f - 23112. Give m(428).
0
Let v(r) = -2*r**3 - 46*r**2 - 181*r - 12. Determine v(-6).
-150
Let w(x) = 94*x**2 + 271*x - 275. What is w(1)?
90
Let g(d) = -700*d**2 + 16089*d + 212. Determine g(23).
-41
Let p(m) = 3*m**3 + 276*m**2 - 4417*m - 473. Calculate p(14).
17
Let g(i) = 1657*i + 14742. Calculate g(-9).
-171
Let x(d) = -d**2 + 423*d - 33375. Calculate x(104).
-199
Let q(p) = -1578*p + 443401. Calculate q(281).
-17
Let o(y) = -2981*y - 37664. What is o(-13)?
1089
Let y(f) = -98*f - 3054. What is y(-40)?
866
Let y(l) = 2*l**3 - 7*l**2 - 120*l + 670. Determine y(5).
145
Let d(p) = -55312*p + 442432. Determine d(8).
-64
Let i(n) = -25*n**2 - 86*n + 695. What is i(5)?
-360
Let k(x) = 12*x**2 + 2175*x - 1645. What is k(-182)?
-7
Let j(w) = 1055*w + 6155. Calculate j(-6).
-175
Let u(q) = 34*q + 2539. Give u(-74).
23
Let t(j) = -j**3 + 30*j**2 - 176*j + 33. Determine t(5).
-222
Let u(x) = 326048*x - 20867073. Give u(64).
-1
Let g(z) = -10236*z + 3623503. What is g(354)?
-41
Let n(c) = 29162*c - 233177. Calculate n(8).
119
Let r(k) = -10385*k + 924277. Give r(89).
12
Let y(u) = -5*u**3 + 47*u**2 - 279*u + 494. Calculate y(3).
-55
Let z(r) = -r**3 - 337*r**2 - 2298*r + 69. Give z(-7).
-15
Let t(j) = -21*j**2 - 53*j - 233. What is t(0)?
-233
Let l(g) = 2*g**3 - 99*g**2 - 220*g - 2040. Give l(52).
40
Let c(r) = r**3 - 97*r**2 - 99*r - 33. Calculate c(98).
-131
Let g(d) = 111772*d**2 - 335377*d - 6. Determine g(3).
-189
Let n(t) = -16*t**2 + 1332*t - 1462. What is n(82)?
178
Let q(h) = -h**2 - 148*h - 5298. Determine q(-61).
9
Let s(z) = -18476*z + 1090093. Give s(59).
9
Let t(r) = 2672848*r - 16037096. Calculate t(6).
-8
Let i(q) = -5*q**2 + 725*q - 8319. Calculate i(132).
261
Let r(t) = -211*t + 48741. Calculate r(231).
0
Let o(k) = k**3 - 113*k**2 + 125*k - 1480. Calculate o(112).
-24
Let q(g) = -g**2 + 9457*g - 84961. What is q(9)?
71
Let t(g) = -42425*g - 169717. Determine t(-4).
-17
Let p(q) = -20*q**3 + 12*q**2 - 6*q - 20. Determine p(2).
-144
Let v(s) = -296*s - 2. Calculate v(-3).
886
Let c(o) = 5*o**2 + 215*o + 51. What is c(-44)?
271
Let i(s) = -6*s**3 - 25*s**2 + 1350*s + 6779. What is i(-5)?
154
Let u(k) = 3475*k - 17876. What is u(5)?
-501
Let o(b) = 21*b**3 - 694*b**2 + 32*b + 41. Calculate o(33).
8
Let w(o) = 855*o - 2926. What is w(4)?
494
Let x(s) = 62*s + 5584. What is x(-121)?
-1918
Let o(x) = -19637*x + 5576910. Calculate o(284).
2
Let f(c) = c**2 - 533*c + 47760. Calculate f(114).
-6
Let z(d) = 17416*d**2 - 17387*d + 6. Determine z(1).
35
Let x(a) = 3611*a - 5626. Give x(2).
1596
Let m(k) = k**3 - 51*k**2 + 374*k + 153. Determine m(42).
-15
Let c(w) = 150*w**2 - 1428*w - 722. Determine c(10).
-2
Let v(t) = 28074*t - 111974. Give v(4).
322
Let u(g) = 41449*g + 41458. Calculate u(-1).
9
Let v(g) = 29*g**2 - 10018*g + 4526. Calculate v(345).
41
Let i(f) = f**3 - 315*f**2 - 4929*f - 6930. Give i(330).
0
Let m(q) = -1769*q - 23388. Calculate m(-13).
-391
Let c(d) = d**3 + 82*d**2 + 783*d + 1252. Give c(-9).
118
Let k(h) = 8*h**2 - 47*h + 188. Determine k(5).
153
Let v(l) = -8*l**2 - 14716*l + 88544. What is v(6)?
-40
Let u(l) = -8*l**3 + 18*l**2 + 134*l - 4. Calculate u(-5).
776
Let q(d) = -2126*d + 80779. Give q(38).
-9
Let g(v) = -1919*v + 245629. Give g(128).
-3
Let v(r) = 52*r**2 + 1510*r - 134. Determine v(-29).
-192
Let d(v) = -3*v**3 + 51*v**2 - 189*v + 124. Determine d(4).
-8
Let q(f) = -56040*f + 2353691. Give q(42).
11
Let x(f) = 3251*f + 6485. Give x(-2).
-17
Let u(n) = -19316*n + 270404. What is u(14)?
-20
Let b(y) = -2*y**3 - 68*y**2 - 446*y + 159. What is b(-12)?
-825
Let f(n) = -n**3 - 69*n**2 + 38*n + 1536. Give f(-69).
-1086
Let s(v) = v**2 - 1061*v + 176175. Determine s(206).
45
Let i(q) = q**3 + 202*q**2 - 4679*q - 1049909. What is i(-199)?
15
Let n(a) = 33*a**2 + 5267*a + 5270. What is n(-1)?
36
Let j(m) = -5*m**2 - 328*m - 708. Give j(-63).
111
Let p(j) = -14*j**3 + 226*j**2 + 1166*j - 2. Calculate p(-5).
1568
Let h(u) = 71124*u + 141934. What is h(-2)?
-314
Let j(x) = -3*x**3 + 16*x**2 + 152*x - 986. Give j(9).
-509
Let u(f) = 270*f**3 - 42662*f**2 + 322*f - 945. What is u(158)?
3
Let q(n) = 6143*n - 190420. Calculate q(31).
13
Let c(k) = -674*k - 42477. Determine c(-63).
-15
Let o(v) = -3582*v + 7432. What is o(2)?
268
Let m(t) = -208546*t - 834189. What is m(-4)?
-5
Let i(s) = 3673*s - 128588. What is i(35)?
-33
Let a(m) = 10*m**2 + 620*m + 614. What is a(-61)?
4
Let k(a) = -36543*a + 109779. Calculate k(3).
150
Let h(w) = -w**3 + 28*w**2 - 902*w + 13874. Calculate h(19).
-15
Let l(u) = 573*u - 61652. What is l(107)?
-341
Let w(a) = -1474658*a + 1474645. Determine w(1).
-13
Let d(x) = 2*x**3 - 102*x**2 + 13*x + 1873. What is d(50)?
-2477
Let q(b) = 95931*b + 671515. Give q(-7).
-2
Let j(h) = 5*h**3 + 926*h**2 - 2627*h + 944. Determine j(-188).
4
Let f(p) = 18*p**2 + 97*p - 172. Determine f(-7)